{"id":40,"date":"2018-01-03T15:41:37","date_gmt":"2018-01-03T14:41:37","guid":{"rendered":"http:\/\/auditadvisory.at\/?page_id=40"},"modified":"2018-02-13T11:41:28","modified_gmt":"2018-02-13T10:41:28","slug":"audit-approach","status":"publish","type":"page","link":"https:\/\/www.auditadvisory.at\/?page_id=40","title":{"rendered":"Audit Approach &#8211; Der Pr\u00fcfungsansatz"},"content":{"rendered":"<p><span style=\"color: #000080;\"><strong>Audit Approach und Audit Manual<\/strong><\/span><\/p>\n<p>Grunds\u00e4tzlich sind die International Standards on Auditing (ISA) des International Auditing and Assurance Standards Board (IAASB) der International Federation of Accountants (IFAC), ISA 200 bis ISA 810 einschlie\u00dflich der jeweiligen Anwendungshinweise und sonstigen Erl\u00e4uterungen, anzuwenden. Dabei sind die zus\u00e4tzlichen Anforderungen und die Klarstellungen der \u00f6sterreichischen Fachgutachten zu einzelnen ISA zu beachten.<\/p>\n<p><img loading=\"lazy\" decoding=\"async\" class=\"alignleft wp-image-179\" src=\"http:\/\/auditadvisory.at\/wp-content\/uploads\/2018\/01\/AuditManuelDeckblatt-219x300.png\" alt=\"\" width=\"142\" height=\"195\" srcset=\"https:\/\/www.auditadvisory.at\/wp-content\/uploads\/2018\/01\/AuditManuelDeckblatt-219x300.png 219w, https:\/\/www.auditadvisory.at\/wp-content\/uploads\/2018\/01\/AuditManuelDeckblatt.png 400w\" sizes=\"auto, (max-width: 142px) 100vw, 142px\" \/><\/p>\n<p>Zur Information \u00fcber generelle Anweisungen zur Durchf\u00fchrung von Pr\u00fcfungsauftr\u00e4gen empfiehlt das Institut f\u00fcr Wirtschaftspr\u00fcfer in seiner Mustervorlage f\u00fcr ein Handbuch zur Qualit\u00e4tssicherung in Pr\u00fcfungsbetrieben ein eigenes Pr\u00fcfungshandbuch (nachfolgend Audit Manual) zu entwickeln, welches von allen Mitarbeitern bei der Durchf\u00fchrung von Pr\u00fcfungsauftr\u00e4gen verpflichtend anzuwenden ist. Durch ein solches Audit Manual soll der methodische Ablauf festgelegt werden und die einschl\u00e4gigen gesetzlichen Vorschriften (zB die \u00a7\u00a7 268-276 UGB und \u00a7 23 APAG) und beruflichen Regeln (insbesondere die ISA und die Fachgutachten, Richtlinien und Stellungnahmen der Kammer der Steuerberater und Wirtschaftspr\u00fcfer und des Instituts \u00d6sterreichischer Wirtschaftspr\u00fcfer) widergespiegelt werden.<\/p>\n<p>&nbsp;<br \/>\n&nbsp;<\/p>\n<p>Ein Audit Manual sollte zumindest die folgenden Themenbereiche beinhalten:<\/p>\n<p>&#8211; Generelle Pr\u00fcfungsanweisungen<br \/>\n&#8211; Begleitende Arbeitshilfen f\u00fcr die Pr\u00fcfungsdurchf\u00fchrung (Formulare, Checklisten, Vorlagen)<br \/>\n&#8211; Hinweise und Erl\u00e4uterungen zu Hilfsmittel (zB Stichprobentools, sonstige EDV Programme, etc.)<br \/>\n&#8211; Anleitung zu mathematisch statistischen Verfahren sowie Umfang bei Stichprobenpr\u00fcfungen etc.<br \/>\n&#8211; Anweisungen und Hilfestellungen zu diversen Themen (zB Festlegung der Wesentlichkeit)<br \/>\n&#8211; Dokumentation und Definition der Methodischen Abl\u00e4ufe<br \/>\n&#8211; Darlegung des gew\u00e4hlten Pr\u00fcfungsansatzes<\/p>\n<p>H\u00e4ufig wird sich der gew\u00e4hlte Ablauf und Pr\u00fcfungsansatz an der Struktur der eigenen Pr\u00fcfungssoftware richten. Einige Pr\u00fcfsysteme bauen auf den von der Software zur Verf\u00fcgung gestellten Checklisten auf, andere verfolgen einen <span style=\"display: inline !important; float: none; background-color: transparent; color: #666666; cursor: text; font-family: 'Source Sans Pro',sans-serif; font-size: 18px; font-style: normal; font-variant: normal; font-weight: 300; letter-spacing: normal; orphans: 2; text-align: left; text-decoration: none; text-indent: 0px; text-transform: none; -webkit-text-stroke-width: 0px; white-space: normal; word-spacing: 0px; zoom: 1;\">&#8222;empty sheet approach&#8220;<\/span> mit wenigen bis gar keinen Checklisten auf. Abh\u00e4ngig vom Pr\u00fcfsystem ist eine umfassende Darlegung des gew\u00e4hlten Pr\u00fcfungsansatzes empfohlen.<\/p>\n<p>Gerne unterst\u00fctzen wir bei der Erstellung des Audit Manuals.<\/p>\n<p><span style=\"color: #000080;\"><strong>Pr\u00fcfungstools<\/strong><\/span><\/p>\n<p>In dieser Sektion werden wir zuk\u00fcnftig unterschiedliche Pr\u00fcfungstools vorstellen und ausgew\u00e4hlte Tools zum Download bereitstellen.<\/p>\n<p>&nbsp;<\/p>\n","protected":false},"excerpt":{"rendered":"<p>Audit Approach und Audit Manual Grunds\u00e4tzlich sind die International Standards on Auditing (ISA) des International Auditing and Assurance Standards Board (IAASB) der International Federation of Accountants (IFAC), ISA 200 bis ISA 810 einschlie\u00dflich der jeweiligen Anwendungshinweise und sonstigen Erl\u00e4uterungen, anzuwenden. Dabei sind die zus\u00e4tzlichen Anforderungen und die Klarstellungen der \u00f6sterreichischen Fachgutachten zu einzelnen ISA zu&hellip; <br \/> <a class=\"button small blue\" href=\"https:\/\/www.auditadvisory.at\/?page_id=40\">Weiterlesen<\/a><\/p>\n","protected":false},"author":1,"featured_media":0,"parent":0,"menu_order":0,"comment_status":"closed","ping_status":"closed","template":"","meta":{"footnotes":""},"class_list":["post-40","page","type-page","status-publish","hentry"],"_links":{"self":[{"href":"https:\/\/www.auditadvisory.at\/index.php?rest_route=\/wp\/v2\/pages\/40","targetHints":{"allow":["GET"]}}],"collection":[{"href":"https:\/\/www.auditadvisory.at\/index.php?rest_route=\/wp\/v2\/pages"}],"about":[{"href":"https:\/\/www.auditadvisory.at\/index.php?rest_route=\/wp\/v2\/types\/page"}],"author":[{"embeddable":true,"href":"https:\/\/www.auditadvisory.at\/index.php?rest_route=\/wp\/v2\/users\/1"}],"replies":[{"embeddable":true,"href":"https:\/\/www.auditadvisory.at\/index.php?rest_route=%2Fwp%2Fv2%2Fcomments&post=40"}],"version-history":[{"count":18,"href":"https:\/\/www.auditadvisory.at\/index.php?rest_route=\/wp\/v2\/pages\/40\/revisions"}],"predecessor-version":[{"id":233,"href":"https:\/\/www.auditadvisory.at\/index.php?rest_route=\/wp\/v2\/pages\/40\/revisions\/233"}],"wp:attachment":[{"href":"https:\/\/www.auditadvisory.at\/index.php?rest_route=%2Fwp%2Fv2%2Fmedia&parent=40"}],"curies":[{"name":"wp","href":"https:\/\/api.w.org\/{rel}","templated":true}]}}